of q.
2, 109
Suppose -1004 = x - 3*x + 4*d, 3*d = -2*x + 990. List the prime factors of x.
2, 3, 83
Let x(d) be the first derivative of -5*d + 8/3*d**3 + 5*d**2 - 2 - 1/4*d**4. List the prime factors of x(9).
2
Let v(h) = -17*h + 25. What are the prime factors of v(-9)?
2, 89
Let t(f) = -47*f - 354. What are the prime factors of t(-42)?
2, 3, 5
Suppose -3*a = -2*t - 0*a + 309, 0 = 4*t - 4*a - 616. Let g = 278 - t. List the prime factors of g.
5
Suppose -5*x - 1147 = -3*w, -5*w - 822 = -x - 2741. List the prime factors of w.
2, 3
Suppose 0 = 12*k + 4*k + 560. List the prime factors of (k/70)/(1/(-190)).
5, 19
Let h(c) be the first derivative of -7*c**3/6 - 6*c**2 - 14*c - 10. Let n(d) be the first derivative of h(d). What are the prime factors of n(-7)?
37
Let j(g) = -3*g**3 + g**2 + g. Let o be j(-2). Suppose 2*n - o = n. Suppose 0 = 5*w - n - 9. List the prime factors of w.
7
Let r be (-336)/5 - (-2)/10. Let h = r + 125. What are the prime factors of h?
2, 29
Suppose l + 36 = -3*l. Let y = -7 - l. What are the prime factors of 846/27 + y/(-6)?
31
Suppose 2*s - 515 - 443 = 0. List the prime factors of s.
479
Let m be 48/(-18) - 4/(-6). Suppose -2*q - 57 = 33. What are the prime factors of ((-4)/1 - q) + m?
3, 13
Let w(u) = 40*u. Let o be w(3). Suppose -j + o = -0*j. Suppose -4*c + j = c. List the prime factors of c.
2, 3
List the prime factors of (-1266)/(4/(-2)) - (-8 + 2).
3, 71
Suppose -5*k - 2*c = -c - 15, 4*k - 5*c = 41. Suppose 0 = -v - x + 50, v + 4*x - 246 = -k*v. What are the prime factors of v?
2, 23
Let c(b) = -2*b**3 - 5*b**2 + 7*b - 8. Let g be c(-5). Let m(l) = l**3 - 3*l**2 + 5*l. Let n be m(4). Let o = g - n. List the prime factors of o.
2, 23
Let x(m) = 11*m**2 + m + 7. What are the prime factors of x(-4)?
179
Let t(j) = -j + 16. Let w be t(14). Let s be 30/24*2*w. Suppose 140 = s*n + 2*d, -4*d = -2*n - 0*d + 80. What are the prime factors of n?
2, 3, 5
Let t(r) = -r**2 + 4*r. Let g be t(2). Suppose -g*l + 79 = -193. What are the prime factors of l?
2, 17
Let a(o) = 13*o - 3. Let v(d) = 13*d - 3. Let z(p) = 3*a(p) - 2*v(p). Let g = 213 + -211. What are the prime factors of z(g)?
23
What are the prime factors of (-1)/3*-5361*(4 + -3)?
1787
Let j(d) = 16*d + 55. Let b be j(-23). Let r = b - -486. What are the prime factors of r?
173
Suppose -96*o = -92*o - 676. Let m = -27 + o. What are the prime factors of m?
2, 71
Let o = 1938 - 933. What are the prime factors of o?
3, 5, 67
Let h = -717 - -1111. List the prime factors of (14/12 - 1) + h/12.
3, 11
Let g(r) = -437*r**3 + 4*r**2 - r - 1. List the prime factors of g(-1).
3, 7
Let t be ((-1 - 2) + 3)/(-1 + 0). Suppose t*p - 847 = -7*p. List the prime factors of p.
11
Let a(j) = -9*j**3 - 8*j**2 + 3*j. What are the prime factors of a(-6)?
2, 3, 7, 13
List the prime factors of 11492/34 - (-1 + 6 - 2).
5, 67
Let g = -66 + 81. List the prime factors of g.
3, 5
Let q(i) = 7*i**3 - 3*i + 2. Let w be q(1). Let x(s) = -1. Let u(t) = 3*t - 1. Let f(a) = u(a) - 5*x(a). What are the prime factors of f(w)?
2, 11
Suppose 5*d - 6 = 4. Suppose z + c = 2*z - 3, -d*z + 4*c + 8 = 0. What are the prime factors of -2*z/(-8)*58?
29
Let u(n) = n**3 - 15*n**2 + 4*n - 8. Let h(t) = 9*t - 21. Let m be h(4). What are the prime factors of u(m)?
2, 13
Suppose -4*y = -3*u - 2, y = -0*u + u - 1. Let o(q) = 20*q**3 + q**2 - q + 2. Let t be o(2). List the prime factors of (-4)/(-6) + t/u.
2, 7
Let o(t) = 2*t**3 - t**2 + 29. What are the prime factors of o(7)?
2, 3, 37
List the prime factors of 7*(-5 - -1685)/12.
2, 5, 7
Let j(i) = 5*i**3 - i**2 + i - 1. Let f be j(1). Suppose 0 = -3*h - 1 + 10, 3*h + 219 = f*l. What are the prime factors of l?
3, 19
Let k(j) = j**3 - j**2 - j + 1. Let c be k(1). Let b(v) = -v**2 + v + 48. What are the prime factors of b(c)?
2, 3
Let q = -15 + 14. Let h be (q/(-3))/((-6)/(-1350)). Suppose 8*s = 5*s + h. List the prime factors of s.
5
Let o(v) = 6*v**3 - v**2 - 3*v + 4. Let j be o(2). List the prime factors of 1190/j - (-1)/(-3).
2, 7
Let t(a) be the second derivative of a**4/6 - 5*a**3/6 - a**2 - 12*a. What are the prime factors of t(4)?
2, 5
Suppose -5 = -3*j + 4. Suppose 35 = j*n - 25. What are the prime factors of n?
2, 5
Suppose 3*f + 5*c - 141 = 169, 3*f - 3*c = 342. What are the prime factors of f?
2, 5, 11
Suppose -4*c + 264 = -188. Let j = c + -49. List the prime factors of j.
2
Let i be ((-10)/(-6) - 2)*-12. Suppose -1200 = -12*z + i*z. What are the prime factors of z?
2, 3, 5
Suppose 2378 = c - 5*y, 0 = c - 0*y + y - 2372. List the prime factors of c.
3, 7, 113
Let j(s) = 2*s**2 + 6*s. Let i(c) = c. Let y(n) = 3*n. Let k(o) = -4*i(o) + y(o). Let f be k(5). List the prime factors of j(f).
2, 5
Let d = 621 + -411. Let o = 322 - d. Suppose -5*j + j = -o. What are the prime factors of j?
2, 7
Suppose -10*h - 2961 = -31*h. What are the prime factors of h?
3, 47
Let j(t) = -t**2 - 3*t + 22. Let b be j(-7). What are the prime factors of (-303)/b - (-9)/(-18)?
2, 5
Let r = -339 + 479. Let a = 230 - r. What are the prime factors of a?
2, 3, 5
Suppose 5*m - 1 = 2*k + 35, -m - 60 = 2*k. Let n = k - -19. What are the prime factors of (-10)/45 - 65/n?
7
Let m(u) = -9*u - 31. Let w(c) = 4*c + 16. Let t(b) = 2*m(b) + 5*w(b). Let k be t(15). Let d = -16 + k. List the prime factors of d.
2
Suppose d = 3*u + 18, -2*u + 3*u + 5 = 0. Suppose -8 = -k - 3*m, 0 = -d*m + 9 - 0. What are the prime factors of (k - -1) + (-51)/(-1)?
3, 17
Suppose -2*i + 285 = 55. What are the prime factors of i?
5, 23
Let o(a) = 16*a - 79 + 3 - 7*a + 11. List the prime factors of o(10).
5
Let u(x) be the second derivative of x**5/20 + x**4/6 + x**3/6 + 17*x**2 - 4*x. List the prime factors of u(0).
2, 17
Let r(p) = 3*p + 2. Let x be r(2). Let f = 51 + -46. Let c = f + x. List the prime factors of c.
13
Let b(a) = 6*a**3 + 9*a**2 + 4*a + 17. Let v(h) = 7*h**3 + 9*h**2 + 4*h + 18. Let j(f) = 6*b(f) - 5*v(f). List the prime factors of j(-8).
2, 11
Let y(w) = 2*w**2 - 55*w + 237. List the prime factors of y(39).
2, 3, 7
Suppose -6*h + 15*h = 11340. List the prime factors of h.
2, 3, 5, 7
Suppose -2*w + 89 = -5*t, -6*w + 4*t + 90 = -4*w. What are the prime factors of w?
47
Let u = 91 + -3. Suppose 0 = -5*j + 4*o + 403 + 81, j - 3*o = u. Suppose -4*p + 3*r = -r - j, r - 119 = -5*p. List the prime factors of p.
2, 3
What are the prime factors of ((-28)/1)/((-4)/118)?
2, 7, 59
Suppose -d = 2*d. Suppose 2*r + 7 = -s, r - 5*s + 9 = -d*s. List the prime factors of (-88)/r - 0/2.
2, 11
Let o be 6*5/(30/(-4)). What are the prime factors of (-22)/(o/8*4)?
11
Let v(c) = c**3 + 18*c**2 - c - 17. What are the prime factors of v(-16)?
7, 73
Let s be (-1 + (-12)/(-3))*-39. Let b = s - -69. Let x = -33 - b. List the prime factors of x.
3, 5
Let i = 220 + -208. Let j be 68/(-5) - 4/10. Let h = i - j. List the prime factors of h.
2, 13
Let o be (-3 + 767)*1/2. Let x = 661 - o. What are the prime factors of x?
3, 31
Let u(k) = k**3 - 11*k**2 - 12*k + 5. Let w be u(12). Suppose w*v = 4 + 6. Suppose -2*m + 2*q + 211 = 61, 2*m - 142 = -v*q. List the prime factors of m.
73
Suppose 0 = -9*s + 1946 + 448. Let n = -1 - -1. Suppose -7*x + n*x = -s. List the prime factors of x.
2, 19
Suppose -5*f = -6*f - a + 385, 0 = -5*f + a + 1949. List the prime factors of f.
389
Let s be 18 + -15 - (2 + -1). What are the prime factors of -5 + 6 - (-160)/s?
3
Let a = 124 - 105. What are the prime factors of a?
19
Suppose -2295 = -139*l + 134*l. What are the prime factors of l?
3, 17
What are the prime factors of (-6)/10 + 521996/185?
7, 13, 31
Suppose 2*h - 3 - 7 = 0. Suppose -2*o + 6*u - 2*u = -172, h*o = -u + 386. Let x = o + -49. List the prime factors of x.
29
Suppose 3*j = s, 0 = 3*s - 2*j + 7*j + 56. Let x be (-32)/s*6/(-4). What are the prime factors of (-139)/(-6) + x/24?
23
Suppose 0 = -5*b - 5, -4*v + 4253 = 68*b - 73*b. List the prime factors of v.
2, 3, 59
Suppose r = 261 + 318. List the prime factors of r.
3, 193
Let d = 28 + -27. Let c be (-1)/3*3 + d. Suppose 0*j + j - 67 = c. List the prime factors of j.
67
Let i be 1/(-2)*20/(-5). Let u = -20 - -23. Suppose 2*q - g = -i*g + 87, 4*q = -u*g + 173. List the prime factors of q.
2, 11
Suppose 0 = 4*a + t - 9317, 216*a - 220*a - 3*t = -9319. List the prime factors of a.
17, 137
Let p = -376 